{"id":386,"date":"2012-01-10T09:24:32","date_gmt":"2012-01-10T08:24:32","guid":{"rendered":"http:\/\/www.vff-portal.de\/?page_id=386"},"modified":"2021-02-26T10:38:10","modified_gmt":"2021-02-26T09:38:10","slug":"links","status":"publish","type":"page","link":"https:\/\/www.vff-portal.de\/index.php\/links\/","title":{"rendered":"Links"},"content":{"rendered":"<p>Wenn auch Sie hier aufgenommen werden wollen, wenden Sie sich bitte vertrauensvoll an unsere <a href=\"mailto:info@vff-portal.de\" target=\"_blank\" rel=\"noopener noreferrer\">Berater<\/a>.<\/p>\n<p><strong>Hautnah &#8211; Adler<\/strong><br \/>Kosmetik &amp; Fu\u00dfpflege f\u00fcr Problemf\u00fc\u00dfe<br \/>Tasdorfer Weg 7<br \/>24536 Neum\u00fcnster<br \/>adler30@gmx.de | <a href=\"https:\/\/www.adlerhautnah.de\" target=\"_blank\" rel=\"noopener noreferrer\">https:\/\/www.adlerhautnah.de<\/a><\/p>\n\n\n<p><\/p>\n    <!-- sktbuilder starter --><script type=\"text\/javascript\" src=\"https:\/\/www.vff-portal.de\/wp-content\/plugins\/skt-builder\/sktbuilder\/sktbuilder-frontend-starter.js\"><\/script><script type=\"text\/javascript\" src=\"https:\/\/www.vff-portal.de\/wp-content\/plugins\/skt-builder\/sktbuilder-wordpress-driver.js\"><\/script><script type=\"text\/javascript\"> var starter = new SktbuilderStarter({\"mode\": \"prod\", \"skip\":[\"jquery\",\"underscore\",\"backbone\"],\"sktbuilderUrl\": \"https:\/\/www.vff-portal.de\/wp-content\/plugins\/skt-builder\/sktbuilder\/\", \"driver\": new SktbuilderWordpressDriver({\"ajaxUrl\": \"https:\/\/www.vff-portal.de\/wp-admin\/admin-ajax.php\", \"iframeUrl\": \"https:\/\/www.vff-portal.de\/index.php\/links\/?sktbuilder=true\", \"pageId\": 386, \"pages\": [{\"title\":\"VFF | Vereinigung Freier Fu\\u00dfpflegerInnen e.V.\",\"url\":\"https:\\\/\\\/www.vff-portal.de\\\/wp-admin\\\/post.php?post=38&action=sktbuilder\"}], \"page\": \"Links\" }) });<\/script><!-- end sktbuilder starter -->","protected":false},"excerpt":{"rendered":"<p>Wenn auch Sie hier aufgenommen werden wollen, wenden Sie sich bitte vertrauensvoll an unsere Berater. Hautnah &#8211; AdlerKosmetik &amp; Fu\u00dfpflege f\u00fcr Problemf\u00fc\u00dfeTasdorfer Weg 724536 Neum\u00fcnsteradler30@gmx.de | https:\/\/www.adlerhautnah.de<\/p>\n","protected":false},"author":1,"featured_media":0,"parent":0,"menu_order":8,"comment_status":"closed","ping_status":"closed","template":"","meta":{"footnotes":""},"class_list":["post-386","page","type-page","status-publish","hentry"],"_links":{"self":[{"href":"https:\/\/www.vff-portal.de\/index.php\/wp-json\/wp\/v2\/pages\/386","targetHints":{"allow":["GET"]}}],"collection":[{"href":"https:\/\/www.vff-portal.de\/index.php\/wp-json\/wp\/v2\/pages"}],"about":[{"href":"https:\/\/www.vff-portal.de\/index.php\/wp-json\/wp\/v2\/types\/page"}],"author":[{"embeddable":true,"href":"https:\/\/www.vff-portal.de\/index.php\/wp-json\/wp\/v2\/users\/1"}],"replies":[{"embeddable":true,"href":"https:\/\/www.vff-portal.de\/index.php\/wp-json\/wp\/v2\/comments?post=386"}],"version-history":[{"count":0,"href":"https:\/\/www.vff-portal.de\/index.php\/wp-json\/wp\/v2\/pages\/386\/revisions"}],"wp:attachment":[{"href":"https:\/\/www.vff-portal.de\/index.php\/wp-json\/wp\/v2\/media?parent=386"}],"curies":[{"name":"wp","href":"https:\/\/api.w.org\/{rel}","templated":true}]}}